st derivative of i**4/4 + 4*i**3/3 - 13*i**2/2 - i - 10863. Give s(-6).
5
Suppose 1084 + 1016 = -100*q. Let m(g) = 3*g + 60. Give m(q).
-3
Let t(g) = 45*g**3 + 19*g - 46*g**3 + 952*g**2 - 948*g**2 + 19. What is t(7)?
5
Let r(g) = g - 8. Let a(v) be the first derivative of -7*v**2 + 8*v - 18. Let u be a(1). Give r(u).
-14
Let f(s) = -3*s**2 - 60*s - 59. Let a be (-760)/16*(-38)/(-95). Calculate f(a).
-2
Suppose 4*m - j = 7, 103 = -5*m + j + 110. Let i(d) = d**3 - d**2 + 3*d + 10. Calculate i(m).
10
Let r(v) = v**3 + 4*v**2 - 10*v - 34. Let j(g) = -g**3 - 54*g**2 + 96*g - 902. Let o be j(-56). Determine r(o).
-46
Let u(k) be the first derivative of 7*k - 3*k**2 + 53 - 1/4*k**4 + 2*k**3. Determine u(5).
2
Let z(t) = 2302*t**2 - 4596*t**2 + 15 + 2296*t**2 - 81*t + t**3. What is z(8)?
7
Let s(a) be the second derivative of 3/2*a**2 - a + 1 + 1/12*a**4 + 4/3*a**3. Suppose -23 = 4*o - m, 2*o + 20 = -o - 2*m. What is s(o)?
-9
Let f(w) = -w**3 + 12*w**2 + 12*w + 26. Suppose 0 = -20*x + 19778 - 19518. What is f(x)?
13
Let t(p) be the second derivative of p**4/12 + 5*p**3/3 + 5*p**2 + p + 356. Let x(k) = -2*k**2 - 1. Let n be x(-2). What is t(n)?
1
Let q(t) be the first derivative of -t**4/4 + 5*t**2 - 4*t + 10271. Calculate q(-6).
152
Let l(n) = -28*n**2 + n + 47. Let i(c) = 18*c**2 - c - 29. Let q(w) = 8*i(w) + 5*l(w). Determine q(6).
129
Suppose 0 = -3*w + 4*w + 3. Let i(a) = -3*a**3 - 5*a**2 - 9*a - 9. What is i(w)?
54
Let u(h) be the third derivative of h**7/560 + h**6/180 + h**5/30 - 11*h**3 + 148*h**2. Let d(p) be the third derivative of u(p). Determine d(-5).
-41
Let x(h) = -h**3 - h**2 + 65*h - 36. Let a be x(7). Let s(b) = -4*b + 76. Calculate s(a).
-32
Suppose -2*p = -5*p + i - 1, 2 = -p + 2*i. Suppose p*h = h. Let x(c) be the second derivative of c**5/20 + c**4/12 - c**3/6 - 11*c**2/2 + 255*c. What is x(h)?
-11
Let d(l) = l**2 + 13*l - 79. Let b(c) = -c**2 - 12*c + 93. Let y(f) = 9*b(f) + 10*d(f). Calculate y(-19).
-10
Let p(l) = -11*l**2 - 8*l + 4. Let d(q) = -4*q**2 - 3*q + 1. Let r(y) = 8*d(y) - 3*p(y). Suppose -5*f = -5*x + 5, -5*f + f - 3 = -3*x. What is r(f)?
-4
Let v(x) = -16*x - 4. Let i be (17710/44)/(-115)*(-3)/((-42)/8). Determine v(i).
28
Let o(u) = 7 + 1 - 4 - 20*u**2 - 12*u**2. Let d(x) = -65*x**2 + 9. Let q(j) = 3*d(j) - 7*o(j). Suppose 23*p - 25*p = -2. What is q(p)?
28
Let o = -142 - -153. Let t be 2/o - 1817/253. Let d(r) = -r**2 - 6*r - 5. Determine d(t).
-12
Let t = 77 - 83. Let x be t/(-10) - (-7)/5. Let k(z) = -26*z**x - 7*z - 4*z + 12*z - 1. What is k(1)?
-26
Let k(y) = -14*y - 199. Let p(x) = 5*x + 71. Let v(f) = -3*k(f) - 8*p(f). Calculate v(-17).
-5
Let b(q) = -q - 32. Let t(d) = 7*d - 159. Let a(z) = -4*b(z) + t(z). Determine a(7).
46
Let k be ((-44)/(-8))/(1/2). Suppose 13*u = k*u + 8. Let j(q) = -q**3 + 5*q**2 + 3*q - 2. Determine j(u).
26
Let l be 3/(6/4) - -1. Let a(t) be the first derivative of -t + 157 - 1/4*t**4 + 2*t**2 + 2/3*t**3. Give a(l).
2
Let k(n) be the first derivative of -59 + 0*n - 1/2*n**2 - 5/3*n**3. Let o be 4/22 + 18/22. What is k(o)?
-6
Let w = -32/925 + 989/1850. Let z(d) be the first derivative of 2/3*d**3 + 30 + 0*d - 13/2*d**4 + w*d**2. What is z(-1)?
27
Let o(t) = t**3 + 6*t**2 + 6*t + 5. Let x be (-8)/24 + (-7)/(-3). Suppose -6*i = 22 + x. What is o(i)?
13
Let n(t) = -t**2 - 26*t - 21. Let d(b) = 111*b - 691. Let o be d(6). What is n(o)?
4
Let j(w) = w**3 + 4*w**2 - w + 1. Suppose 7*v - 24*v + 51 = 0. Suppose l + 5*t = 17, 4*l - v*t + 1 = -23. What is j(l)?
13
Let k(l) be the first derivative of -5*l**4/2 - l**3/3 - l**2/2 + l - 12. Give k(1).
-11
Let r(i) = 2745*i**2 - 911*i**2 + i**3 + 7 - 917*i**2 + 4*i - 916*i**2. Calculate r(-4).
-57
Let d(b) = b**2 - 12*b + 19. Let q = 201 + -202. Let z(f) = f**2 - f - 1. Let k(c) = q*d(c) + 2*z(c). Calculate k(-12).
3
Let w(x) = -4*x**3 + 36*x**2 + 5*x - 11. Let k(r) = -3*r**3 + 25*r**2 + 3*r - 8. Let n(z) = -7*k(z) + 5*w(z). What is n(-4)?
1
Let t(m) = m**3 - 2*m**2 + 2. Let z be (-9 - -7)/(-3 - -2). Let p be t(z). Let k(b) = -37 + 0*b**2 + 29 + b**p - 5*b. What is k(7)?
6
Let t(y) = 9*y - 3*y**2 - 21*y + 1 + 9*y + 4*y - y**3. Let l = 791 - 794. Determine t(l).
-2
Let v(a) = 11*a - 260. Let u be v(28). Suppose 0 = -10*m + u*m - 228. Let q(s) = -s**3 + 4*s**2 + 13*s. Give q(m).
6
Let q(p) be the second derivative of 1/2*p**2 + 1/6*p**4 + 169*p - 1/20*p**5 - 1/6*p**3 + 0. Give q(3).
-11
Let r = 867 - 863. Let y(k) = -k**3 + 4*k**2 + 4*k + 7. What is y(r)?
23
Let y(c) = 148 - 126 - 59*c + 17*c + 35*c - c**2. Calculate y(0).
22
Let q(v) = 64*v - 1020. Suppose 3*o = -6*m + 42, 0 = 59*o - 63*o + 4*m + 68. Determine q(o).
4
Let v(a) = 8 - a**3 - 2*a**2 + 4546*a - 2*a**2 - 4536*a. What is v(-5)?
-17
Let j(u) = u**3 + 22*u**2 - 2*u + 8. Suppose 42 = -4*l - 3*a - 34, 5*l + 130 = 5*a. Calculate j(l).
52
Let l(j) = -j**2 - 16*j - 7. Let y = -581 + 583. Suppose -y*a - 2*a + p - 61 = 0, 5*a + 4*p = -92. Calculate l(a).
-7
Let f(l) be the second derivative of 5*l**4/12 - l**3/6 + l**2/2 - l + 3. Let a be (-4)/(-10)*(33/6 + -3). Calculate f(a).
5
Let y(g) = -g**2 + 10*g - 8. Suppose -12*d - 5*x - 15 = -10*d, -5*x = d + 20. Let k be d/(-60) + (-763)/(-84). Give y(k).
1
Let v(r) = 44 - 456*r - 100 - 517 + 239*r + 255*r. Give v(15).
-3
Let f = 957 + -967. Let a(i) = -i**3 - 9*i**2 + 13*i + 33. Let k be a(f). Let u(o) = o**3 - 3*o**2 - 2*o. Calculate u(k).
-6
Let v(l) be the third derivative of -l**5/120 + l**4/6 + 41*l**3/3 - 42*l**2 + 2. Let k(r) be the first derivative of v(r). Give k(3).
1
Let k(i) be the first derivative of -11/24*i**4 + 0*i + 35 + 1/3*i**3 + 3*i**2. Let w(x) be the second derivative of k(x). Calculate w(3).
-31
Let h(b) be the first derivative of -29*b**2/2 - b + 1173. Determine h(1).
-30
Let j(n) = -43*n - 2*n**2 - 6 - 7 + 3*n**2 + 28*n. Let u be j(16). Let d(i) = 2*i**2 + 7*i - 3*i**2 + 1 - 2 + 0. Determine d(u).
11
Let w(n) = -101546 - 7*n + 2*n**2 - 4*n**3 + 101548 + 12*n. Calculate w(-1).
3
Let j(q) = -2*q**2 - 12*q + 2. Let p be j(-4). Let l(b) = 2*b - 34. Let t be l(p). Let i(h) = 3*h - 2. Calculate i(t).
4
Let d = -40 + 41. Let o(n) = 6*n**3 - 2*n**2 + n. Let w be o(d). Let y(m) = -2 + 2*m + m - w*m + 3*m. What is y(5)?
3
Let q(m) = -3*m - 30. Let n(u) = -26*u + 477. Let d be n(18). Give q(d).
-57
Let f(o) = o**3 - 30*o**2 + 57*o - 22. Suppose -24*l + 4*l - 59*l = -2212. Give f(l).
6
Let v(p) = p**3 - 4*p**2 - 3*p - 4. Let r = -64 - -124. Suppose 4*d - 27 - 19 = 2*i, 0 = -5*d - 4*i + 12. Suppose -20*g + r = -d*g. Determine v(g).
6
Let r(l) be the first derivative of l**3/3 + 3*l**2 - 232*l + 3161. What is r(13)?
15
Suppose -31 = -m + 4*m - 5*x, 0 = m + 4*x + 16. Let o = -13 - m. Let n(t) be the second derivative of 7*t**4/12 - t**2/2 + 316*t. What is n(o)?
6
Suppose 2*a = -k + 942, -2*a - 3*k - 1874 = -6*a. Suppose -465*l = -a*l - 40. Let q(t) = t**2 + 8*t + 6. Determine q(l).
6
Let c be 4/(-10)*(-400)/(-64)*-2. Suppose q + 6 = 3*h - c, -3*h = -5*q - 31. Let b(g) = h*g + g + g**2 + g + 3 + 3. Give b(-7).
27
Let c(q) be the first derivative of 13/2*q**2 + 0*q + 168. Give c(1).
13
Suppose 3*a + 4*n - 3 = -16, n = 3*a + 8. Let j(v) = -5*v + 3*v - v + 3. Calculate j(a).
12
Let j(m) = -m**2 + 9*m + 63. Let v(q) = 2*q + 11. Let u(l) = -j(l) + 6*v(l). Suppose -h + 20 = -5*h. Determine u(h).
13
Let k = -536 + 539. Let a(i) = -3*i + 6 - 10*i**2 - 202*i**3 + 201*i**k + 3*i**2. What is a(-7)?
27
Let g(o) = 13*o + 4. Let u be (-5 + 9)*-2 + 6. Calculate g(u).
-22
Let k(d) = 5*d**3 - 17*d**2 + 2*d + 13. Let v(g) = -3*g**3 + 16*g**2 - 2*g - 14. Let y(n) = 2*k(n) + 3*v(n). Calculate y(-14).
12
Let y(g) = 298*g - 304*g + 6 + 0*g**2 + 0*g**2 + g**2. Let v(b) = -b**3 - b**2 + 4*b. Let u be v(-3). Determine y(u).
6
Let u(r) = 28*r**3 + 119*r**2 - 27*r**3 - 14*r + 122*r**2 - 231*r**2 - 26. What is u(-11)?
7
Let c(m) be the first derivative of m**4/4 - m**3/3 - 11*m**2/2 - 2*m - 2470. Calculate c(6).
112
Suppose -90*r - 14 = -32*r + 44. Let q(p) = -123*p**3 - 2*p**2 - 4*p - 2. What is q(r)?
123
Let v(i) = -i**2 + 9*i + 24. Let n be (17/7 - 3)*98/28. What is v(n)?
2
Let q(n) = -n**2 - 14*n - 25. Let b be (680/1700)/((-4)/135)*8/6. What is q(b)?
-97
Let g(k) = 5*k**3 + 19*k**2 + 14*k + 2. Let v = 79 - 78. Let u(p) = -p**3 + p - 1. Let s(d) = v*g(d) + 6*u